e number?
False
Is 42494 composite?
True
Is 1141 a composite number?
True
Is 68957 composite?
True
Is 89939 prime?
True
Is 351761 composite?
True
Is 852121 a prime number?
True
Is 8561 a composite number?
True
Is 17059 composite?
True
Is 1641013 a composite number?
True
Is 180031 a prime number?
False
Is 198109 prime?
True
Is 140753 a prime number?
False
Is 10405 a prime number?
False
Is 492347 a composite number?
True
Is 46261 a composite number?
False
Is 50839 a prime number?
True
Is 702671 a prime number?
True
Is 733741 composite?
False
Is 248437 prime?
False
Is 1693 a composite number?
False
Is 18467 a prime number?
False
Is 19841 composite?
False
Is 2043913 composite?
True
Is 7717 composite?
False
Is 7753 a prime number?
True
Is 316847 composite?
False
Is 58771 composite?
False
Is 21719 a prime number?
False
Is 57977 prime?
True
Is 846737 composite?
True
Is 17257 prime?
True
Is 110419 a composite number?
False
Is 206123 composite?
False
Is 2927 prime?
True
Is 1399 prime?
True
Is 10651 composite?
False
Is 441457 a prime number?
False
Is 624391 prime?
True
Is 8383 a prime number?
False
Is 14369 a composite number?
False
Is 441661 composite?
True
Is 9901 composite?
False
Is 102533 a prime number?
True
Is 193279 composite?
True
Is 7855 a prime number?
False
Is 419 a composite number?
False
Is 1766 composite?
True
Is 1239103 a composite number?
False
Is 136657 prime?
True
Is 428477 a prime number?
False
Is 790543 composite?
True
Is 53549 a prime number?
True
Is 468057 composite?
True
Is 61081 prime?
False
Is 4229 a composite number?
False
Is 77761 a composite number?
False
Is 1465 prime?
False
Is 62177 a composite number?
True
Is 214187 composite?
True
Is 123991 composite?
True
Is 273253 composite?
False
Is 4091 prime?
True
Is 18665 composite?
True
Is 1513555 composite?
True
Is 217414 a prime number?
False
Is 51571 prime?
False
Is 2301941 a prime number?
True
Is 46021 composite?
False
Is 192331 prime?
False
Is 31957 a composite number?
False
Is 1759 prime?
True
Is 570319 prime?
False
Is 35747 composite?
False
Is 6163 prime?
True
Is 5227 composite?
False
Is 11287 a prime number?
True
Is 568943 composite?
True
Is 18301 prime?
True
Is 20593 prime?
True
Is 55353 composite?
True
Is 420757 composite?
False
Is 31767 composite?
True
Is 25526 composite?
True
Is 259265 a prime number?
False
Is 7563 a prime number?
False
Is 23971 prime?
True
Is 720611 a composite number?
False
Is 111667 prime?
True
Is 133129 composite?
True
Is 7349 composite?
False
Is 4126651 a prime number?
True
Is 362305 a composite number?
True
Is 24627 prime?
False
Is 15259 composite?
False
Is 1442863 a composite number?
False
Is 243235 a prime number?
False
Is 6711 a prime number?
False
Is 46199 composite?
False
Is 73417 a prime number?
True
Is 157103 prime?
True
Is 3229 prime?
True
Is 5960219 a prime number?
False
Is 10743 a prime number?
False
Is 12898 composite?
True
Is 2521 a prime number?
True
Is 57919 a composite number?
True
Is 15299 a prime number?
True
Is 913207 a prime number?
False
Is 606739 prime?
False
Is 54889 prime?
False
Is 64133 composite?
True
Is 444671 prime?
True
Is 32735 prime?
False
Is 1692461 prime?
True
Is 12459 a prime number?
False
Is 379 prime?
True
Is 414379 prime?
False
Is 10307 a prime number?
False
Is 1296951 composite?
True
Is 9197 a prime number?
False
Is 179 a prime number?
True
Is 4801 composite?
False
Is 50603 prime?
False
Is 1333 a prime number?
False
Is 326609 a composite number?
False
Is 93046 composite?
True
Is 769 prime?
True
Is 8263 a composite number?
False
Is 28978 composite?
True
Is 2762 composite?
True
Is 65743 composite?
True
Is 181057 a prime number?
False
Is 33 a composite number?
True
Is 3554 a prime number?
False
Is 1741 a prime number?
True
Is 413129 a composite number?
False
Is 37469 prime?
False
Is 202469 prime?
False
Is 33923 a prime number?
True
Is 769 a composite number?
False
Is 34603 a composite number?
False
Is 724481 prime?
True
Is 39335 a prime number?
False
Is 146191 a prime number?
True
Is 242551 composite?
False
Is 468137 composite?
False
Is 310559 a composite number?
False
Is 11351 prime?
True
Is 2266403 a composite number?
False
Is 12667 composite?
True
Is 766301 a prime number?
True
Is 8069 a prime number?
True
Is 27883 composite?
False
Is 86861 a prime number?
True
Is 392609 composite?
True
Is 24943 prime?
True
Is 78361 a composite number?
True
Is 110407 a composite number?
True
Is 2611 composite?
True
Is 115013 composite?
False
Is 12359 prime?
False
Is 447589 a prime number?
False
Is 31991 composite?
False
Is 12381 prime?
False
Is 171023 composite?
False
Is 104365 a composite number?
True
Is 16597 a composite number?
True
Is 100423 prime?
False
Is 204397 a composite number?
False
Is 12182 composite?
True
Is 33563 composite?
False
Is 3879935 a composite number?
True
Is 96833 a prime number?
False
Is 15959 a prime number?
True
Is 33703 a composite number?
False
Is 1399 prime?
True
Is 7897 a composite number?
True
Is 133691 a prime number?
True
Is 1128889 a composite number?
False
Is 6598 a composite number?
True
Is 3005 prime?
False
Is 185971 composite?
False
Is 64333 prime?
True
Is 2129741 prime?
True
Is 289937 prime?
True
Is 30047 a composite number?
False
Is 417 a composite number?
True
Is 31121 prime?
True
Is 20783 a composite number?
True
Is 16319 a composite number?
False
Is 123905 a prime number?
False
Is 19661 a prime number?
True
Is 3967 a prime number?
True
Is 123818 composite?
True
Is 2387887 a prime number?
False
Is 211163 a composite number?
True
Is 10453 a composite number?
False
Is 83371 composite?
True
Is 7717 prime?
True
Is 9619 a prime number?
True
Is 22109 prime?
True
Is 526759 composite?
False
Is 90637 a prime number?
False
Is 77429 a prime number?
False
Is 20717 a composite number?
False
Is 19689 prime?
False
Is 209 prime?
False
Is 4621 prime?
True
Is 745 a composite number?
True
Is 1619 a composite number?
False
Is 3377 prime?
False
Is 131 prime?
True
Is 12149 a prime number?
True
Is 838 a composite number?
True
Is 16493 a prime number?
True
Is 134753 a composite number?
False
Is 250829 prime?
True
Is 5147 prime?
True
Is 480751 prime?
False
Is 192901 prime?
False
Is 27179 composite?
False
Is 96991 a composite number?
True
Is 8267345 composite?
True
Is 80471 a prime number?
True
Is 2413 prime?
False
Is 264877 composite?
True
Is 877 prime?
True
Is 28963 a prime number?
False
Is 264599 a prime number?
True
Is 703441 prime?
True
Is 14963 prime?
False
Is 651943 composite?
False
Is 241283 prime?
False
Is 2195893 prime?
False
Is 84727 composite?
True
Is 104421 a prime number?
False
Is 68347 a prime number?
False
Is 148829 a composite number?
False
Is 156095 a composite number?
True
Is 66271 prime?
True
Is 112967 a prime number?
True
Is 2552539 composite?
True
Is 54703 a composite number?
True
Is 6439 prime?
False
Is 1061 composite?
False
Is 757769 prime?
False
Is 13063 a prime number?
True
Is 45161 prime?
True
Is 150701 a composite number?
True
Is 100621 a prime number?
True
Is 74057 composite?
True
Is 1360043 composite?
True
Is 42667 prime?
True
Is 264949 composite?
False
Is 26473 composite?
True
Is 4861 prime?
True
Is 175811 a prime number?
True
Is 211129 a prime number?
True
Is 355531 prime?
False
Is 877 prime?
True
Is 85915 prime?
False
Is 425563 composite?
False
Is 44741 a prime number?
True
Is 23105 composite?
True
Is 15551 composite?
False
Is 503 a prime number?
True
Is 55163 prime?
True
Is 283441 prime?
False
Is 2017 a composite number?
False
Is 1973 prime?
True
Is 13443 composite?
True
Is 214271 a prime number?
False
Is 7829 composite?
False
Is 3793 a composite number?
False
Is 564073 composite?
True
Is 17291 a composite number?
False
Is 21281 a composite number?
True
Is 96427 composite?
True
Is 771941 prime?
True
Is 295881 composite?
True
Is 11249 prime?
False
Is 12323 prime?
True
Is 2162293 a prime number?
False
Is 2527858 prime?
False
Is 24239 a prime number?
True
Is 39137 prime?
False
Is 1596886 prime?
False
Is 407 a prime number?
False
Is 72251 a prime number?
True
Is 2101 prime?
False
Is 168293 a composite number?
False
Is 320993 prime?
False
Is 66877 a composite number?
False
Is 43657 prime?
False
Is 49957 composite?
False
Is 70033 prime?
False
Is 2855 composite?
True
Is 4861 a pr